he greatest common divisor of i and 5?
5
Suppose 2*f = 3*f - 125. Suppose -2*w - 25 + f = 0. What is the greatest common divisor of w and 10?
10
Let s(n) = n**2 - 12*n + 51. Let a be s(6). What is the highest common factor of a and 15?
15
Let i(p) = 54*p + 8. Let m be i(5). Suppose -2*x + o + 23 + m = 0, -617 = -4*x - o. Calculate the highest common factor of 17 and x.
17
Let z be 3/(1/(-5)*-1). Suppose b + 5*b = 36. What is the highest common divisor of b and z?
3
Let o = 9 - -3. What is the highest common divisor of 36 and o?
12
Let w be -2 + 4*37 + 0. Let u = w + -90. Calculate the highest common factor of 7 and u.
7
Suppose -3*l = -0*l - 1089. Let j = -141 + l. Suppose 14 = -2*z + j. Calculate the highest common divisor of z and 13.
13
Let b(z) = 3*z + 1. Let c be b(6). Let h = -8 + c. What is the greatest common divisor of h and 55?
11
Let k(l) = -l + 1. Let y(v) = -20*v + 26. Let f(z) = 44*k(z) - 2*y(z). Let q be f(-8). What is the greatest common factor of q and 36?
12
Let m be 3/(-2)*(-1 - 1). Suppose 2*d = d + m. Suppose 0 = 3*l + d*k - 4*k - 8, -16 = -4*k. What is the greatest common divisor of 16 and l?
4
Let p be 4*(-2)/8*-6. Suppose 3*g - 33 = -3*b, 5*b - 6*g = -3*g + 15. What is the highest common divisor of p and b?
6
Let v(r) = -2*r - 4. Let c be v(-4). Let o be ((-394)/c)/(1/(-2)). Suppose 2*d - o = -d - i, -5*d - 2*i = -330. Calculate the highest common factor of d and 8.
8
Let k = 69 + -62. Calculate the greatest common factor of 35 and k.
7
Suppose -3*b - 2*b - 2*t = -12, 24 = 3*b - 3*t. Let u = 123 + -91. Calculate the highest common factor of b and u.
4
Let u(o) = 11*o - 23. Let j be u(13). Calculate the greatest common divisor of j and 8.
8
Suppose -m = -0*m + 4. Let b be (-1)/((-2)/m) - -7. Calculate the greatest common factor of 55 and b.
5
Let i(g) = g**3 - 5*g**2 - 5*g - 4. Let z be i(6). Suppose -16 = -0*c - z*c. What is the highest common divisor of 72 and c?
8
Let b(k) = -27*k**3 + k**2 + 2*k + 2. Let x be b(-1). Suppose -c + 0*c + 5*n - 21 = 0, n + 15 = 5*c. What is the greatest common divisor of c and x?
4
Suppose 4*h - 6 = 5*h. Let x be (-1148)/(-21) - (-4)/h. What is the greatest common divisor of 9 and x?
9
Let l(w) = -3*w + 117. Let m be l(0). Calculate the greatest common divisor of m and 13.
13
Suppose 0 = -4*w + 12, 3*s + w = -3*w + 30. Calculate the highest common factor of s and 42.
6
Let d be (0 - (4 - 3)) + 33. Let f be (d/24)/((-4)/(-9)). What is the greatest common factor of 6 and f?
3
Suppose -2*g + 150 = 4*b, 2*g - 6*g = 3*b - 105. Suppose i - b = -2*i. Let d = i - 4. What is the greatest common divisor of d and 9?
9
Let l = -3 - -23. Let u = 32 - l. Let n be (-6)/8 - (-597)/u. Calculate the greatest common divisor of n and 7.
7
Let h = 2 - 5. Let j be h*2/(-6) - -14. Let c(i) = 3*i - 8. Let v be c(6). What is the greatest common factor of j and v?
5
Let i(f) = -f**3 + 3*f**2 + 6*f - 6. Let j be i(4). Suppose j*b - 42 = -b. Let q(m) = 53*m + 3. Let w be q(1). Calculate the highest common factor of w and b.
14
Suppose 2*c - c - 4 = 0, 4*c = -2*q + 12. Let s be 2*(-14)/q + 2. What is the greatest common factor of s and 8?
8
Suppose 2*a = -a - 15. Let u(g) = 32*g - 3. Let k be u(a). Let b = -83 - k. Calculate the greatest common factor of 16 and b.
16
Let l = 18 + 15. Calculate the greatest common divisor of l and 11.
11
Let b(c) = 7*c**2 + 7 - 4 + c**3 + 4*c + 1. Let f be b(-4). What is the greatest common divisor of 54 and f?
18
Let a(d) = 2*d**2 + 3*d + 1. Let s be a(-3). What is the greatest common factor of s and 50?
10
Suppose -5*g = -5*u - 85, 30 = 3*g - 0*u + 4*u. What is the highest common factor of g and 112?
14
Let d be -2*1/(-2) + 4. Suppose 0 = d*h, -w - 3*h = -3*w + 110. Let g be -1 + w + -1 + 2. Calculate the highest common divisor of 22 and g.
11
Suppose -21 + 5 = -2*x. Calculate the greatest common divisor of x and 8.
8
Let s = 24 - 14. Let y = 29 - s. Suppose -k + 9 + 10 = 0. What is the highest common divisor of y and k?
19
Suppose 0 = 5*w - 5*g - 65, 5*g = -0*g - 25. Let j = 30 + -14. What is the highest common factor of w and j?
8
Let f = 74 + 59. Let z(x) be the third derivative of x**5/60 + x**4/24 - x**3/6 + 3*x**2. Let u be z(4). What is the greatest common factor of u and f?
19
Suppose 6*j - 105 = 111. What is the highest common factor of 24 and j?
12
Let n(q) = -3*q**3 + 2*q**2 - 1. Let m be n(1). Let d be 6/m + 2 + 7. Calculate the highest common factor of d and 30.
6
Let v(l) = l + 9. Let a(t) = t**3 - 6*t**2 - 2*t + 6. Let z be a(6). Let k be v(z). Calculate the greatest common divisor of k and 1.
1
Suppose -85 = -6*m - 217. Let o = 1 - m. Calculate the highest common factor of o and 161.
23
Suppose 4*i + i - 20 = 0. Suppose u = 2*s - 7, 0*u + 2*s - 5 = 3*u. Let l be 16/10*(u + i). Calculate the highest common factor of l and 16.
8
Let c be 2/6 - 154/(-6). Let t = 82 - 69. What is the highest common factor of c and t?
13
Let v = 76 - 74. Calculate the highest common divisor of 4 and v.
2
Let p be 4/(-10) + (-82)/(-5). Calculate the greatest common divisor of 24 and p.
8
Let v be (10/2)/(1/4). Suppose 6*u + k - 86 = u, 0 = u + 3*k - v. Calculate the highest common divisor of 51 and u.
17
Suppose 5*h + 2*i - 3092 = 0, 5*h - 387 = -5*i + 2693. Let c be h/14 - (-18)/(-63). What is the greatest common divisor of c and 11?
11
Suppose -5*a = -a. Suppose 4*y + y - 30 = 5*g, a = -4*y - 2*g. Calculate the greatest common factor of y and 8.
2
Let m(c) = -c**2 + 10*c + 4. Let s be m(10). Suppose 12 = -s*b, u - 2 + 10 = -4*b. What is the highest common factor of 8 and u?
4
Suppose o - 2*o = 0. Suppose 0 = 3*m + 2*m + 4*t - 128, o = 3*m + t - 74. Suppose -2*k = -k - m. What is the highest common divisor of 12 and k?
12
Suppose -r = r + 6. Let q be 6/((-4)/30*r). What is the highest common divisor of 10 and q?
5
Let g = -60 - -88. Suppose -3*t - 5*n = -0*t - 22, 0 = 5*n - 10. Suppose 3*q + 15 = t*h - 13, -q + 16 = 5*h. Calculate the greatest common divisor of h and g.
4
Let i = -7 - -15. Let a be (i/(-4) - -89) + 1. What is the greatest common factor of 8 and a?
8
Let m(o) = -o**3 - 7*o**2 - 9*o - 3. Let j be m(-6). Let x = 101 - 26. What is the greatest common factor of x and j?
15
Suppose -10*t + 5 + 115 = 0. Let s(q) = q**2 + 2*q - 4. Let k be s(5). Let w = k + -13. What is the highest common factor of t and w?
6
Let b be 2 - (-2 - 40) - 4. Calculate the greatest common divisor of 60 and b.
20
Let b(i) = -3*i**2 + 3*i - 2*i**3 + 2 + 2 + i**3 - i**3. Let l be b(-3). Calculate the greatest common factor of l and 55.
11
Let h be ((-8)/(-6))/(4/6). Suppose 7*u + x = 4*u + 21, 4*x = u + 6. Let p = u - h. What is the greatest common factor of p and 4?
4
Suppose -3*y = -5*y + 54. What is the highest common factor of y and 9?
9
Suppose 2*t = -11 - 13. Let p(m) = m**3 + 13*m**2 + 12*m + 2. Let h be p(t). Calculate the highest common factor of h and 4.
2
Suppose 4*k = -4*n - 26 + 126, -100 = -4*k - 5*n. What is the greatest common factor of 225 and k?
25
Let g be ((-36)/15)/(6/(-20)). Suppose -4*j - 8 = -g*j. Suppose b = j*b - 18. Calculate the greatest common factor of b and 126.
18
Suppose q = -q + 22. Suppose -4*v - 4 = 4. Let i be 110*(6/(-4) - v). What is the greatest common divisor of q and i?
11
Let y(d) = d**3 + 9*d**2 - 1344 + 2*d - 13*d + 1347. Suppose -j - 20 = j. Let u be y(j). Calculate the highest common divisor of 26 and u.
13
Let i = 55 - 36. Calculate the highest common factor of 57 and i.
19
Let y = 3 + -3. Suppose y = c + 4*c - 65. Calculate the greatest common divisor of 26 and c.
13
Let r(z) = -9*z + 3. Let y be r(-2). Calculate the highest common factor of y and 147.
21
Let l be 18 + 2/((-10)/15). Calculate the highest common divisor of 30 and l.
15
Let n(f) be the first derivative of -7*f**2/2 - 6*f - 1. Let r be n(-8). Let c = 54 + -34. Calculate the highest common divisor of c and r.
10
Suppose 5*n + 2*u = 0, 3*n = 2*n + 2*u - 12. Let k(h) = 5 - 2 - 11*h - 1. Let m be k(n). What is the greatest common divisor of 12 and m?
12
Let q(s) = 3*s - 1. Let i be q(1). Suppose 3*g - 25 = -2*g. Suppose -84 = i*f - g*f. What is the greatest common divisor of 4 and f?
4
Let u(i) = -3*i**3 - 3*i**2 + 2*i - 3. Let k be u(-4). Suppose 4*s - k = -4*v + 99, -4*s + 228 = 2*v. What 